91?
9
What is the thousands digit of 2395?
2
What is the hundreds digit of 1299?
2
What is the thousands digit of 1662?
1
What is the hundreds digit of 1598?
5
What is the thousands digit of 25586?
5
What is the hundreds digit of 455?
4
What is the hundreds digit of 8766?
7
What is the tens digit of 645?
4
What is the tens digit of 3527?
2
What is the units digit of 7236?
6
What is the units digit of 1355?
5
What is the hundreds digit of 10713?
7
What is the thousands digit of 1433?
1
What is the thousands digit of 42595?
2
What is the hundreds digit of 2549?
5
What is the units digit of 155927?
7
What is the hundreds digit of 162?
1
What is the units digit of 518?
8
What is the tens digit of 59650?
5
What is the hundreds digit of 1489?
4
What is the hundreds digit of 46050?
0
What is the hundreds digit of 2692?
6
What is the hundreds digit of 11182?
1
What is the tens digit of 253?
5
What is the tens digit of 129?
2
What is the units digit of 11577?
7
What is the tens digit of 119?
1
What is the hundreds digit of 19665?
6
What is the thousands digit of 1846?
1
What is the thousands digit of 172911?
2
What is the units digit of 2933?
3
What is the tens digit of 111129?
2
What is the tens digit of 107014?
1
What is the hundreds digit of 13212?
2
What is the units digit of 114?
4
What is the hundreds digit of 9176?
1
What is the hundreds digit of 2950?
9
What is the hundreds digit of 5520?
5
What is the units digit of 32169?
9
What is the thousands digit of 121903?
1
What is the hundreds digit of 17835?
8
What is the units digit of 2678?
8
What is the thousands digit of 2764?
2
What is the tens digit of 58858?
5
What is the ten thousands digit of 11485?
1
What is the tens digit of 110071?
7
What is the units digit of 910?
0
What is the ten thousands digit of 19055?
1
What is the hundreds digit of 10034?
0
What is the units digit of 4628?
8
What is the units digit of 33341?
1
What is the tens digit of 796?
9
What is the hundreds digit of 53289?
2
What is the tens digit of 456?
5
What is the units digit of 4638?
8
What is the hundreds digit of 21982?
9
What is the hundreds digit of 4830?
8
What is the thousands digit of 8767?
8
What is the hundreds digit of 18788?
7
What is the tens digit of 97591?
9
What is the hundreds digit of 19000?
0
What is the tens digit of 5867?
6
What is the tens digit of 1638?
3
What is the ten thousands digit of 39111?
3
What is the units digit of 1425?
5
What is the tens digit of 15398?
9
What is the thousands digit of 84799?
4
What is the thousands digit of 41089?
1
What is the units digit of 6996?
6
What is the thousands digit of 88501?
8
What is the tens digit of 170480?
8
What is the thousands digit of 3349?
3
What is the units digit of 1841?
1
What is the thousands digit of 68712?
8
What is the hundreds digit of 2052?
0
What is the tens digit of 3854?
5
What is the units digit of 7356?
6
What is the tens digit of 31744?
4
What is the ten thousands digit of 30788?
3
What is the thousands digit of 5783?
5
What is the units digit of 32064?
4
What is the thousands digit of 2028?
2
What is the units digit of 5775?
5
What is the thousands digit of 90642?
0
What is the tens digit of 1142?
4
What is the tens digit of 4560?
6
What is the tens digit of 76794?
9
What is the tens digit of 380?
8
What is the tens digit of 8721?
2
What is the ten thousands digit of 69278?
6
What is the hundreds digit of 2558?
5
What is the hundreds digit of 3269?
2
What is the tens digit of 11178?
7
What is the hundreds digit of 4176?
1
What is the tens digit of 639?
3
What is the hundreds digit of 2281?
2
What is the units digit of 2310?
0
What is the units digit of 1159?
9
What is the units digit of 47128?
8
What is the thousands digit of 5626?
5
What is the hundreds digit of 8135?
1
What is the tens digit of 175?
7
What is the ten thousands digit of 13735?
1
What is the tens digit of 89160?
6
What is the tens digit of 562?
6
What is the ten thousands digit of 40957?
4
What is the tens digit of 2017?
1
What is the tens digit of 160?
6
What is the units digit of 21630?
0
What is the tens digit of 21568?
6
What is the units digit of 712?
2
What is the ten thousands digit of 16651?
1
What is the units digit of 105112?
2
What is the units digit of 36295?
5
What is the thousands digit of 88723?
8
What is the tens digit of 135873?
7
What is the units digit of 570?
0
What is the units digit of 579?
9
What is the ten thousands digit of 43990?
4
What is the ten thousands digit of 30851?
3
What is the units digit of 65343?
3
What is the hundreds digit of 9424?
4
What is the ten thousands digit of 22354?
2
What is the hundreds digit of 798?
7
What is the hundreds digit of 1117?
1
What is the hundreds digit of 22248?
2
What is the thousands digit of 132043?
2
What is the tens digit of 17475?
7
What is the thousands digit of 1518?
1
What is the units digit of 269?
9
What is the tens digit of 18648?
4
What is the ten thousands digit of 108626?
0
What is the units digit of 5141?
1
What is the tens digit of 386?
8
What is the hundreds digit of 30527?
5
What is the units digit of 15576?
6
What is the hundreds digit of 19606?
6
What is the units digit of 4034?
4
What is the tens digit of 19962?
6
What is the ten thousands digit of 22735?
2
What is the tens digit of 69653?
5
What is the units digit of 6332?
2
What is the hundreds digit of 116380?
3
What is the thousands digit of 27320?
7
What is the hundreds digit of 18564?
5
What is the tens digit of 2326?
2
What is the hundreds digit of 530?
5
What is the hundreds digit of 649?
6
What is the hundred thousands digit of 106539?
1
What is the hundreds digit of 220?
2
What is the units digit of 22539?
9
What is the tens digit of 3488?
8
What is the thousands digit of 1195?
1
What is the hundreds digit of 8157?
1
What is the thousands digit of 1027?
1
What is the units digit of 3925?
5
What is the hundreds digit of 469?
4
What is the ten thousands digit of 24231?
2
What is the ten thousands digit of 41977?
4
What is the tens digit of 7423?
2
What is the ten thousands digit of 10307?
1
What is the thousands digit of 31140?
1
What is the thousands digit of 6020?
6
What is the units digit of 11751?
1
What is the hundreds digit of 79280?
2
What is the units digit of 2809?
9
What is the thousands digit of 21540?
1
What is the units digit of 4288?
8
What is the thousands digit of 1073?
1
What is the hundreds digit of 809?
8
What is the hundreds digit of 9765?
7
What is the ten thousands digit of 12660?
1
What is the hundreds digit of 33754?
7
What is the hundreds digit of 5168?
1
What is the hundreds digit of 519?
5
What is the hundreds digit of 1642?
6
What is the tens digit of 11676?
7
What is the units digit of 204437?
7
What is the hundreds digit of 371?
3
What is the hundreds digit of 5052?
0
What is the tens digit of 2718?
1
What is the tens digit of 86516?
1
What is the hundreds digit of 166202?
2
What is the units digit of 3981?
1
What is the tens digit of 67431?
3
What is the hundreds digit of 1035?
0
What is the units digit of 730?
0
What is the hundreds digit of 2675?
6
What is the tens digit of 67980?
8
What is the units digit of 754?
4
What is the thousands digit of 2041?
2
What is the units digit of 787?
7
What is the tens digit of 947?
4
What is the thousands digit of 3991?
3
What is the hundreds digit of 568?
5
What is the units digit of 193?
3
What is the tens digit of 44652?
5
What is the thousands digit of 8220?
8
What is the units digit of 13059?
9
What is the ten thousands digit of 43138?
4
What is the thousands digit of 1171?
1
What is the thousands digit of 2439?
2
What is the ten thousands digit of 22934?
2
What is the units digit of 26822?
2
What is the units digit of 521?
1
What is the tens digit of 1262?
6
What is the units digit of 5246?
6
What is the hundreds digit of 2187?
1
What is the units digit of 908?
8
What is the tens digit of 224?
2
What is the hundreds digit of 374?
3
What is the tens digit of 478?
7
What is the hundreds digit of 11999?
9
What is the ten thousands digit of 43974?
4
What is the hundreds digit of 11615?
6
What is the tens digit of 16261?
6
What is the tens digit of 6403?
0
What is the tens digit of 4926?
2
What is the thousands digit of 27073?
7
What is the thou